{"id":7,"date":"2022-08-30T19:51:12","date_gmt":"2022-08-30T19:51:12","guid":{"rendered":"http:\/\/vocaljazzduo.de\/?page_id=7"},"modified":"2026-04-03T09:58:32","modified_gmt":"2026-04-03T09:58:32","slug":"startseite","status":"publish","type":"page","link":"http:\/\/vocaljazzduo.de\/","title":{"rendered":"VocalJazzDuo Berlin &#8211; Great Livemusic for your Event"},"content":{"rendered":"\n<h2 class=\"wp-block-heading has-x-large-font-size\" style=\"font-style:normal;font-weight:300\">The VocalJazzDuo<\/h2>\n\n\n\n<figure class=\"wp-block-image size-large\"><img loading=\"lazy\" decoding=\"async\" width=\"1024\" height=\"768\" src=\"https:\/\/vocaljazzduo.de\/wp-content\/uploads\/2026\/01\/VocalJazzTrio-1024x768.jpg\" alt=\"\" class=\"wp-image-604\" srcset=\"http:\/\/vocaljazzduo.de\/wp-content\/uploads\/2026\/01\/VocalJazzTrio-1024x768.jpg 1024w, http:\/\/vocaljazzduo.de\/wp-content\/uploads\/2026\/01\/VocalJazzTrio-300x225.jpg 300w, http:\/\/vocaljazzduo.de\/wp-content\/uploads\/2026\/01\/VocalJazzTrio-768x576.jpg 768w, http:\/\/vocaljazzduo.de\/wp-content\/uploads\/2026\/01\/VocalJazzTrio-1536x1152.jpg 1536w, http:\/\/vocaljazzduo.de\/wp-content\/uploads\/2026\/01\/VocalJazzTrio-2048x1536.jpg 2048w\" sizes=\"auto, (max-width: 1024px) 100vw, 1024px\" \/><\/figure>\n\n\n\n<p>The VJT plus One &#8211; LVR-Landesmuseum Bonn &#8211; 19.01.2026<\/p>\n\n\n\n<p class=\"has-black-color has-text-color has-link-color has-medium-font-size wp-elements-0308f85818c10d3c856cf8ff2a15eefe\">Das STAND-ARTS VocalJazzDuo spielt ein Programm welches nicht nur aus den &#8222;Alten Bekannten&#8220; aus Jazz &#8211; Swing &#8211; Bossa &#8211; Chanson besteht, sondern auch aus seltener geh\u00f6rten Songs. <\/p>\n\n\n\n<p class=\"has-black-color has-text-color has-link-color has-medium-font-size wp-elements-49dbf4cdcb8ee39c7bdbfdaa327d9ba1\">Die in Lausanne geborene S\u00e4ngerin Malika Alaoui war f\u00fcr mehr als sechs Jahre mit dem \u201eCirque du Soleil\u201c auf der ganzen Welt unterwegs. Sie sang die Hauptrolle in der Show \u201eAlegr\u00eda\u201c, eine der erfolgreichsten B\u00fchnenproduktionen, die es je gab. Sie hat mit Gr\u00f6\u00dfen wie Stuart Hamm und Robert Fripp zusammengearbeitet und kaum ein Genre der Musik d\u00fcrfte ihr fremd sein.<\/p>\n\n\n\n<p class=\"has-black-color has-text-color has-link-color has-medium-font-size wp-elements-15bc823f8cde8c1f2d15bbf9268a1c2e\">An ihrer Seite musiziert der Berliner Gitarristen Andreas G\u00e4bel, der sich wie Malika in mehr als einer musikalischen Tradition zu Hause f\u00fchlt. Mal spielt er seine Gitarre in der Tradition von Kenny Burrell, Joe Pass, Wes Montgomery, Barney Kessel, mal macht er Anleihen bei Jimi Hendrix, B.B.King oder Johann Sebastian Bach.&nbsp;<\/p>\n\n\n\n<p class=\"has-black-color has-text-color has-link-color has-medium-font-size wp-elements-763fd855426dec63096665c0f471f6c6\">Gehen Sie gemeinsam mit Malika und Andreas auf eine Reise zwischen den musikalischen Welten, treffen Sie Altbekanntes wieder und entdecken Neues.<\/p>\n\n\n\n<p class=\"has-black-color has-text-color has-medium-font-size\">Konzertant oder als musikalische Begleitung ihrer Feier oder Veranstaltung buchbar.<\/p>\n\n\n\n<figure class=\"wp-block-embed is-type-video is-provider-youtube wp-block-embed-youtube wp-embed-aspect-16-9 wp-has-aspect-ratio\"><div class=\"wp-block-embed__wrapper\">\n<iframe loading=\"lazy\" title=\"The STAND-ARTS VocalJazzDuo - Teaser 2026 - Jazzband Hochzeitsband\" width=\"720\" height=\"405\" src=\"https:\/\/www.youtube.com\/embed\/28rFJudcg1U?feature=oembed\" frameborder=\"0\" allow=\"accelerometer; autoplay; clipboard-write; encrypted-media; gyroscope; picture-in-picture; web-share\" referrerpolicy=\"strict-origin-when-cross-origin\" allowfullscreen><\/iframe>\n<\/div><\/figure>\n\n\n\n<p>The STAND-ARTS VocalJazzDuo &#8211; Teaser 2026<\/p>\n\n\n\n<figure class=\"wp-block-embed is-type-video is-provider-youtube wp-block-embed-youtube wp-embed-aspect-16-9 wp-has-aspect-ratio\"><div class=\"wp-block-embed__wrapper\">\n<iframe loading=\"lazy\" title=\"The STAND-ARTS VocalJazzDuo plus One - Teaser 2026 - Jazzband Hochzeitsband\" width=\"720\" height=\"405\" src=\"https:\/\/www.youtube.com\/embed\/hAcS5QnPWXs?feature=oembed\" frameborder=\"0\" allow=\"accelerometer; autoplay; clipboard-write; encrypted-media; gyroscope; picture-in-picture; web-share\" referrerpolicy=\"strict-origin-when-cross-origin\" allowfullscreen><\/iframe>\n<\/div><\/figure>\n\n\n\n<p>The STAND-ARTS VocalJazzDuo plus One &#8211; Teaser 2026<\/p>\n\n\n\n<figure class=\"wp-block-embed is-type-video is-provider-youtube wp-block-embed-youtube wp-embed-aspect-16-9 wp-has-aspect-ratio\"><div class=\"wp-block-embed__wrapper\">\n<iframe loading=\"lazy\" title=\"Swingband Berlin - STAND-ARTS Chansons\" width=\"720\" height=\"405\" src=\"https:\/\/www.youtube.com\/embed\/Ly5OGu-OcJg?feature=oembed\" frameborder=\"0\" allow=\"accelerometer; autoplay; clipboard-write; encrypted-media; gyroscope; picture-in-picture; web-share\" referrerpolicy=\"strict-origin-when-cross-origin\" allowfullscreen><\/iframe>\n<\/div><\/figure>\n\n\n\n<p>The STAND-ARTS VocalJazzDuo plus One &#8211; &#8222;Frenchy&#8220; &#8211; French Chasons<\/p>\n\n\n\n<figure class=\"wp-block-embed is-type-video is-provider-youtube wp-block-embed-youtube wp-embed-aspect-16-9 wp-has-aspect-ratio\"><div class=\"wp-block-embed__wrapper\">\n<iframe loading=\"lazy\" title=\"Jazzband Berlin - Vocal JazzDuo STAND-ARTS - Teaser\" width=\"720\" height=\"405\" src=\"https:\/\/www.youtube.com\/embed\/P7rsHQ7zyBs?feature=oembed\" frameborder=\"0\" allow=\"accelerometer; autoplay; clipboard-write; encrypted-media; gyroscope; picture-in-picture; web-share\" referrerpolicy=\"strict-origin-when-cross-origin\" allowfullscreen><\/iframe>\n<\/div><\/figure>\n\n\n\n<p>The STAND-ARTS VocalJazzDuo &#8211; Teaser 2023<\/p>\n\n\n\n<div class=\"wp-block-buttons is-layout-flex wp-block-buttons-is-layout-flex\">\n<div class=\"wp-block-button has-custom-width wp-block-button__width-75 has-custom-font-size has-medium-font-size\"><a class=\"wp-block-button__link has-vivid-red-background-color has-background has-text-align-center wp-element-button\">More YouTube-Videos<\/a><\/div>\n\n\n\n<div class=\"wp-block-button has-custom-width wp-block-button__width-75 has-custom-font-size has-medium-font-size\"><a class=\"wp-block-button__link has-vivid-red-background-color has-background wp-element-button\" href=\"https:\/\/jazzband-berlin.org\/\" target=\"_blank\" rel=\"noreferrer noopener\"><strong>www.STAND-ARTS.de<\/strong><\/a><\/div>\n<\/div>\n","protected":false},"excerpt":{"rendered":"<p>The VocalJazzDuo The VJT plus One &#8211; LVR-Landesmuseum Bonn &#8211; 19.01.2026 Das STAND-ARTS VocalJazzDuo spielt ein Programm welches nicht nur aus den &#8222;Alten Bekannten&#8220; aus Jazz &#8211; Swing &#8211; Bossa &#8211; Chanson besteht, sondern auch aus seltener geh\u00f6rten Songs. Die in Lausanne geborene S\u00e4ngerin Malika Alaoui war f\u00fcr mehr als sechs Jahre mit dem \u201eCirque [&hellip;]<\/p>\n","protected":false},"author":1,"featured_media":0,"parent":0,"menu_order":0,"comment_status":"closed","ping_status":"closed","template":"","meta":{"om_disable_all_campaigns":false,"_monsterinsights_skip_tracking":false,"_monsterinsights_sitenote_active":false,"_monsterinsights_sitenote_note":"","_monsterinsights_sitenote_category":0,"footnotes":""},"class_list":["post-7","page","type-page","status-publish","hentry","post"],"aioseo_notices":[],"_links":{"self":[{"href":"http:\/\/vocaljazzduo.de\/index.php?rest_route=\/wp\/v2\/pages\/7","targetHints":{"allow":["GET"]}}],"collection":[{"href":"http:\/\/vocaljazzduo.de\/index.php?rest_route=\/wp\/v2\/pages"}],"about":[{"href":"http:\/\/vocaljazzduo.de\/index.php?rest_route=\/wp\/v2\/types\/page"}],"author":[{"embeddable":true,"href":"http:\/\/vocaljazzduo.de\/index.php?rest_route=\/wp\/v2\/users\/1"}],"replies":[{"embeddable":true,"href":"http:\/\/vocaljazzduo.de\/index.php?rest_route=%2Fwp%2Fv2%2Fcomments&post=7"}],"version-history":[{"count":41,"href":"http:\/\/vocaljazzduo.de\/index.php?rest_route=\/wp\/v2\/pages\/7\/revisions"}],"predecessor-version":[{"id":642,"href":"http:\/\/vocaljazzduo.de\/index.php?rest_route=\/wp\/v2\/pages\/7\/revisions\/642"}],"wp:attachment":[{"href":"http:\/\/vocaljazzduo.de\/index.php?rest_route=%2Fwp%2Fv2%2Fmedia&parent=7"}],"curies":[{"name":"wp","href":"https:\/\/api.w.org\/{rel}","templated":true}]}}

<h2 class="wp-block-heading has-x-large-font-size" style="font-style:normal;font-weight:300">The VocalJazzDuo</h2>



<figure class="wp-block-image size-large"><img loading="lazy" decoding="async" width="1024" height="768" src="https://vocaljazzduo.de/wp-content/uploads/2026/01/VocalJazzTrio-1024x768.jpg" alt="" class="wp-image-604" srcset="http://vocaljazzduo.de/wp-content/uploads/2026/01/VocalJazzTrio-1024x768.jpg 1024w, http://vocaljazzduo.de/wp-content/uploads/2026/01/VocalJazzTrio-300x225.jpg 300w, http://vocaljazzduo.de/wp-content/uploads/2026/01/VocalJazzTrio-768x576.jpg 768w, http://vocaljazzduo.de/wp-content/uploads/2026/01/VocalJazzTrio-1536x1152.jpg 1536w, http://vocaljazzduo.de/wp-content/uploads/2026/01/VocalJazzTrio-2048x1536.jpg 2048w" sizes="auto, (max-width: 1024px) 100vw, 1024px" /></figure>



<p>The VJT plus One &#8211; LVR-Landesmuseum Bonn &#8211; 19.01.2026</p>



<p class="has-black-color has-text-color has-link-color has-medium-font-size wp-elements-0308f85818c10d3c856cf8ff2a15eefe">Das STAND-ARTS VocalJazzDuo spielt ein Programm welches nicht nur aus den &#8222;Alten Bekannten&#8220; aus Jazz &#8211; Swing &#8211; Bossa &#8211; Chanson besteht, sondern auch aus seltener gehörten Songs. </p>



<p class="has-black-color has-text-color has-link-color has-medium-font-size wp-elements-49dbf4cdcb8ee39c7bdbfdaa327d9ba1">Die in Lausanne geborene Sängerin Malika Alaoui war für mehr als sechs Jahre mit dem „Cirque du Soleil“ auf der ganzen Welt unterwegs. Sie sang die Hauptrolle in der Show „Alegría“, eine der erfolgreichsten Bühnenproduktionen, die es je gab. Sie hat mit Größen wie Stuart Hamm und Robert Fripp zusammengearbeitet und kaum ein Genre der Musik dürfte ihr fremd sein.</p>



<p class="has-black-color has-text-color has-link-color has-medium-font-size wp-elements-15bc823f8cde8c1f2d15bbf9268a1c2e">An ihrer Seite musiziert der Berliner Gitarristen Andreas Gäbel, der sich wie Malika in mehr als einer musikalischen Tradition zu Hause fühlt. Mal spielt er seine Gitarre in der Tradition von Kenny Burrell, Joe Pass, Wes Montgomery, Barney Kessel, mal macht er Anleihen bei Jimi Hendrix, B.B.King oder Johann Sebastian Bach.&nbsp;</p>



<p class="has-black-color has-text-color has-link-color has-medium-font-size wp-elements-763fd855426dec63096665c0f471f6c6">Gehen Sie gemeinsam mit Malika und Andreas auf eine Reise zwischen den musikalischen Welten, treffen Sie Altbekanntes wieder und entdecken Neues.</p>



<p class="has-black-color has-text-color has-medium-font-size">Konzertant oder als musikalische Begleitung ihrer Feier oder Veranstaltung buchbar.</p>



<figure class="wp-block-embed is-type-video is-provider-youtube wp-block-embed-youtube wp-embed-aspect-16-9 wp-has-aspect-ratio"><div class="wp-block-embed__wrapper">
<iframe loading="lazy" title="The STAND-ARTS VocalJazzDuo - Teaser 2026 - Jazzband Hochzeitsband" width="720" height="405" src="https://www.youtube.com/embed/28rFJudcg1U?feature=oembed" frameborder="0" allow="accelerometer; autoplay; clipboard-write; encrypted-media; gyroscope; picture-in-picture; web-share" referrerpolicy="strict-origin-when-cross-origin" allowfullscreen></iframe>
</div></figure>



<p>The STAND-ARTS VocalJazzDuo &#8211; Teaser 2026</p>



<figure class="wp-block-embed is-type-video is-provider-youtube wp-block-embed-youtube wp-embed-aspect-16-9 wp-has-aspect-ratio"><div class="wp-block-embed__wrapper">
<iframe loading="lazy" title="The STAND-ARTS VocalJazzDuo plus One - Teaser 2026 - Jazzband Hochzeitsband" width="720" height="405" src="https://www.youtube.com/embed/hAcS5QnPWXs?feature=oembed" frameborder="0" allow="accelerometer; autoplay; clipboard-write; encrypted-media; gyroscope; picture-in-picture; web-share" referrerpolicy="strict-origin-when-cross-origin" allowfullscreen></iframe>
</div></figure>



<p>The STAND-ARTS VocalJazzDuo plus One &#8211; Teaser 2026</p>



<figure class="wp-block-embed is-type-video is-provider-youtube wp-block-embed-youtube wp-embed-aspect-16-9 wp-has-aspect-ratio"><div class="wp-block-embed__wrapper">
<iframe loading="lazy" title="Swingband Berlin - STAND-ARTS Chansons" width="720" height="405" src="https://www.youtube.com/embed/Ly5OGu-OcJg?feature=oembed" frameborder="0" allow="accelerometer; autoplay; clipboard-write; encrypted-media; gyroscope; picture-in-picture; web-share" referrerpolicy="strict-origin-when-cross-origin" allowfullscreen></iframe>
</div></figure>



<p>The STAND-ARTS VocalJazzDuo plus One &#8211; &#8222;Frenchy&#8220; &#8211; French Chasons</p>



<figure class="wp-block-embed is-type-video is-provider-youtube wp-block-embed-youtube wp-embed-aspect-16-9 wp-has-aspect-ratio"><div class="wp-block-embed__wrapper">
<iframe loading="lazy" title="Jazzband Berlin - Vocal JazzDuo STAND-ARTS - Teaser" width="720" height="405" src="https://www.youtube.com/embed/P7rsHQ7zyBs?feature=oembed" frameborder="0" allow="accelerometer; autoplay; clipboard-write; encrypted-media; gyroscope; picture-in-picture; web-share" referrerpolicy="strict-origin-when-cross-origin" allowfullscreen></iframe>
</div></figure>



<p>The STAND-ARTS VocalJazzDuo &#8211; Teaser 2023</p>



<div class="wp-block-buttons is-layout-flex wp-block-buttons-is-layout-flex">
<div class="wp-block-button has-custom-width wp-block-button__width-75 has-custom-font-size has-medium-font-size"><a class="wp-block-button__link has-vivid-red-background-color has-background has-text-align-center wp-element-button">More YouTube-Videos</a></div>



<div class="wp-block-button has-custom-width wp-block-button__width-75 has-custom-font-size has-medium-font-size"><a class="wp-block-button__link has-vivid-red-background-color has-background wp-element-button" href="https://jazzband-berlin.org/" target="_blank" rel="noreferrer noopener"><strong>www.STAND-ARTS.de</strong></a></div>
</div>

<p>The VocalJazzDuo The VJT plus One &#8211; LVR-Landesmuseum Bonn &#8211; 19.01.2026 Das STAND-ARTS VocalJazzDuo spielt ein Programm welches nicht nur aus den &#8222;Alten Bekannten&#8220; aus Jazz &#8211; Swing &#8211; Bossa &#8211; Chanson besteht, sondern auch aus seltener gehörten Songs. Die in Lausanne geborene Sängerin Malika Alaoui war für mehr als sechs Jahre mit dem „Cirque [&hellip;]</p>
