{"id":42,"date":"2022-08-30T20:03:26","date_gmt":"2022-08-30T20:03:26","guid":{"rendered":"http:\/\/vocaljazzduo.de\/?page_id=42"},"modified":"2025-10-16T09:29:35","modified_gmt":"2025-10-16T09:29:35","slug":"about","status":"publish","type":"page","link":"http:\/\/vocaljazzduo.de\/?page_id=42","title":{"rendered":"About The VocalJazzDuo &#8211; Great Performers &#8211; Handmade Live Music &#8211; The Best Songs From Jazz &#8211; Swing &#8211; Blues &#8211; Chanson &#8211; Bossa And Movies"},"content":{"rendered":"\n<div class=\"wp-block-columns is-layout-flex wp-container-core-columns-is-layout-1 wp-block-columns-is-layout-flex\">\n<div class=\"wp-block-column is-layout-flow wp-block-column-is-layout-flow\">\n<figure class=\"wp-block-image size-large\"><img loading=\"lazy\" decoding=\"async\" width=\"1024\" height=\"681\" src=\"http:\/\/vocaljazzduo.de\/wp-content\/uploads\/2022\/08\/3-2-1-1024x681.jpg\" alt=\"\" class=\"wp-image-97\" srcset=\"http:\/\/vocaljazzduo.de\/wp-content\/uploads\/2022\/08\/3-2-1-1024x681.jpg 1024w, http:\/\/vocaljazzduo.de\/wp-content\/uploads\/2022\/08\/3-2-1-300x199.jpg 300w, http:\/\/vocaljazzduo.de\/wp-content\/uploads\/2022\/08\/3-2-1-768x510.jpg 768w, http:\/\/vocaljazzduo.de\/wp-content\/uploads\/2022\/08\/3-2-1-1536x1021.jpg 1536w, http:\/\/vocaljazzduo.de\/wp-content\/uploads\/2022\/08\/3-2-1-2048x1361.jpg 2048w\" sizes=\"auto, (max-width: 1024px) 100vw, 1024px\" \/><\/figure>\n<\/div>\n\n\n\n<div class=\"wp-block-column is-layout-flow wp-block-column-is-layout-flow\">\n<figure class=\"wp-block-image size-large\"><img loading=\"lazy\" decoding=\"async\" width=\"1024\" height=\"682\" src=\"http:\/\/vocaljazzduo.de\/wp-content\/uploads\/2022\/08\/DB106081-1024x682.jpg\" alt=\"\" class=\"wp-image-96\" srcset=\"http:\/\/vocaljazzduo.de\/wp-content\/uploads\/2022\/08\/DB106081-1024x682.jpg 1024w, http:\/\/vocaljazzduo.de\/wp-content\/uploads\/2022\/08\/DB106081-300x200.jpg 300w, http:\/\/vocaljazzduo.de\/wp-content\/uploads\/2022\/08\/DB106081-768x512.jpg 768w, http:\/\/vocaljazzduo.de\/wp-content\/uploads\/2022\/08\/DB106081-1536x1024.jpg 1536w, http:\/\/vocaljazzduo.de\/wp-content\/uploads\/2022\/08\/DB106081.jpg 2000w\" sizes=\"auto, (max-width: 1024px) 100vw, 1024px\" \/><\/figure>\n<\/div>\n<\/div>\n\n\n\n<div class=\"wp-block-columns is-layout-flex wp-container-core-columns-is-layout-2 wp-block-columns-is-layout-flex\">\n<div class=\"wp-block-column is-layout-flow wp-block-column-is-layout-flow\">\n<h1 class=\"wp-block-heading\"><strong>Malika Alaoui (Vocals)<\/strong><\/h1>\n<\/div>\n\n\n\n<div class=\"wp-block-column is-layout-flow wp-block-column-is-layout-flow\">\n<h1 class=\"wp-block-heading\"><strong>Andreas G\u00e4bel (Guitar)<\/strong><\/h1>\n<\/div>\n<\/div>\n\n\n\n<div class=\"wp-block-columns is-layout-flex wp-container-core-columns-is-layout-3 wp-block-columns-is-layout-flex\">\n<div class=\"wp-block-column is-layout-flow wp-block-column-is-layout-flow\">\n<p>Die in Lausanne geborene S\u00e4ngerin Malika Alaoui war f\u00fcr mehr als sechs Jahre mit dem \u201eCirque du Soleil\u201c auf der ganzen Welt unterwegs. Sie sang die Hauptrolle in der Show \u201eAlegr\u00eda\u201c, eine der erfolgreichsten B\u00fchnenproduktionen, die es je gab. Sie hat mit Gr\u00f6\u00dfen wie Stuart Hamm und Robert Fripp zusammengearbeitet und kaum ein Genre der Musik d\u00fcrfte ihr fremd sein.<\/p>\n<\/div>\n\n\n\n<div class=\"wp-block-column is-layout-flow wp-block-column-is-layout-flow\">\n<p>Andreas G\u00e4bel kam schon fr\u00fch mit dem Musikgesch\u00e4ft in Ber\u00fchrung: bereits 1983 spielte er mit Musikern der Rias-Big-Band und anderen namhaften Bands der Berliner Musikszene, ab 1986 nahm er regelm\u00e4\u00dfig an Studioaufnahmen teil<\/p>\n\n\n\n<p>Seit Ende der 80er Jahre arbeitet Andreas G\u00e4bel als Gitarrist, seitdem hat er mit K\u00fcnstlern, wie z.B. Caterina Valente, Dionne Warwick, Udo J\u00fcrgens, Eartha Kitt, Liza Minnelli. sowie mit Bands und Orchestern, wie der Big Band des Hessischen Rundfunks (FFM) zusammengearbeitet.<\/p>\n<\/div>\n<\/div>\n\n\n<p><iframe src=\"https:\/\/www.sofaconcerts.org\/external\/artist\/widget?widget_id=1&amp;uuid=e565ef9e-b6ba-4d06-9c0b-31ddc98172cc&amp;lang=de\" style=\"border: none; width: 325px; height: 106px\"><\/iframe><\/p>\n\n\n<div class=\"wp-block-columns is-layout-flex wp-container-core-columns-is-layout-4 wp-block-columns-is-layout-flex\">\n<div class=\"wp-block-column is-layout-flow wp-block-column-is-layout-flow\"><\/div>\n\ngoogle-site-verification: google2b8f89c582102973.html\n\n<div class=\"wp-block-column is-layout-flow wp-block-column-is-layout-flow\"><\/div>\n<\/div>\n","protected":false},"excerpt":{"rendered":"<p>Malika Alaoui (Vocals) Andreas G\u00e4bel (Guitar) Die in Lausanne geborene S\u00e4ngerin Malika Alaoui war f\u00fcr mehr als sechs Jahre mit dem \u201eCirque du Soleil\u201c auf der ganzen Welt unterwegs. Sie sang die Hauptrolle in der Show \u201eAlegr\u00eda\u201c, eine der erfolgreichsten B\u00fchnenproduktionen, die es je gab. Sie hat mit Gr\u00f6\u00dfen wie Stuart Hamm und Robert Fripp [&hellip;]<\/p>\n","protected":false},"author":1,"featured_media":0,"parent":0,"menu_order":0,"comment_status":"closed","ping_status":"closed","template":"","meta":{"om_disable_all_campaigns":false,"_monsterinsights_skip_tracking":false,"_monsterinsights_sitenote_active":false,"_monsterinsights_sitenote_note":"","_monsterinsights_sitenote_category":0,"footnotes":""},"class_list":["post-42","page","type-page","status-publish","hentry","post"],"aioseo_notices":[],"_links":{"self":[{"href":"http:\/\/vocaljazzduo.de\/index.php?rest_route=\/wp\/v2\/pages\/42","targetHints":{"allow":["GET"]}}],"collection":[{"href":"http:\/\/vocaljazzduo.de\/index.php?rest_route=\/wp\/v2\/pages"}],"about":[{"href":"http:\/\/vocaljazzduo.de\/index.php?rest_route=\/wp\/v2\/types\/page"}],"author":[{"embeddable":true,"href":"http:\/\/vocaljazzduo.de\/index.php?rest_route=\/wp\/v2\/users\/1"}],"replies":[{"embeddable":true,"href":"http:\/\/vocaljazzduo.de\/index.php?rest_route=%2Fwp%2Fv2%2Fcomments&post=42"}],"version-history":[{"count":12,"href":"http:\/\/vocaljazzduo.de\/index.php?rest_route=\/wp\/v2\/pages\/42\/revisions"}],"predecessor-version":[{"id":589,"href":"http:\/\/vocaljazzduo.de\/index.php?rest_route=\/wp\/v2\/pages\/42\/revisions\/589"}],"wp:attachment":[{"href":"http:\/\/vocaljazzduo.de\/index.php?rest_route=%2Fwp%2Fv2%2Fmedia&parent=42"}],"curies":[{"name":"wp","href":"https:\/\/api.w.org\/{rel}","templated":true}]}}